 = -10224 - -30468. List the prime factors of g.
2, 3, 7, 241
Suppose 157*n = 2318231 - 416019. List the prime factors of n.
2, 13, 233
Let k be (-2 - -1) + -109 + 113. Suppose -5*j - 1433 + 4723 = 2*p, 0 = -2*p + k*j + 3258. List the prime factors of p.
3, 5, 109
Let l(x) = -2*x + 23. Let q be l(12). Let t be (-27)/54*(q - 21). Suppose -t*h + 244 = -7*h. List the prime factors of h.
61
Suppose -26*b + 24*b - 142 = 0. Let q be (-3)/6 - 602/4. Let w = b - q. What are the prime factors of w?
2, 5
Let a(h) = -h**3 + 5*h**2 - h + 5. Let q be a(4). Suppose 0 = q*p - 77 - 8. Suppose 5*o - 1084 = -3*x, 6 + 9 = p*x. List the prime factors of o.
5, 43
Suppose -16 = 4*i, -i = -3*u + i + 14. Suppose u*r = -473 + 117. Let l = -102 - r. What are the prime factors of l?
2, 19
Let k(l) = l - 44. Let d be k(-11). Let t = d - -61. Suppose -4*f = -t*f + 118. List the prime factors of f.
59
Suppose y - 10*y = 16*y - 435275. List the prime factors of y.
23, 757
Suppose -m + 801 = 2*m. Let w = m + -125. What are the prime factors of w?
2, 71
Suppose -2539 - 2666 = -3*w + x, -5*w - x = -8659. List the prime factors of w.
1733
Let j = -3580 + 4631. What are the prime factors of j?
1051
Let g be (-10)/(-3)*12/10. Let c be 2402/8 + g*(-7)/112. Let s = c - 213. List the prime factors of s.
3, 29
Let u be 18/(-15)*(-1040)/24. Suppose 6*a - 2516 = u. List the prime factors of a.
2, 107
Let z(d) = -d**3 - 28*d**2 + 57*d - 44. Let w be z(-30). What are the prime factors of 2*(2/6)/(w/39813)?
577
Suppose -3*t + 5*n = -9726, 2*t + n = -0*t + 6497. Suppose -11*k + t - 651 = 0. List the prime factors of k.
2, 59
Let x = -5389 + 9170. List the prime factors of x.
19, 199
Let c = -35 - -33. Let v(h) = h**3 + 3*h**2 + h - 2. Let m be v(c). Suppose -3*d + 146 = f, -3*d + m*f = -3*f - 138. List the prime factors of d.
2, 3
Let y = 480 - -21. Let a be (330/54 - 6) + (-8)/72. Suppose -3*w + 2*w + 179 = -3*b, 3*w + 3*b - y = a. What are the prime factors of w?
2, 5, 17
Let k be 27/(-2)*40/(-30). Let i(m) = 9*m - 13. What are the prime factors of i(k)?
149
Suppose -40038 = -3*n - 7*z + 9*z, -2*n + 26692 = 4*z. What are the prime factors of n?
2, 6673
Let p(k) = 104*k**2 + 2*k - 25. Let o be p(3). Suppose -4 = -l, -y + 2*l + o = -3*l. List the prime factors of y.
937
Let m(z) = 1826*z**2 - 215*z + 35. What are the prime factors of m(-5)?
2, 5, 7, 167
Suppose -4*h + 10 = 3*o - o, -29 = -5*h + 3*o. Suppose 2*g + 6 = h*g. Suppose 2*b = 151 + g. List the prime factors of b.
7, 11
Let i(m) be the first derivative of -m**2 + 3*m - 15. Let x be i(2). List the prime factors of x*(-1 + 2 + 0) - -19.
2, 3
Let t(h) = -743*h + 1936. What are the prime factors of t(-68)?
2, 5, 43, 61
Let j(a) = 31*a**2 + 97*a + 582. List the prime factors of j(-43).
2, 3, 5, 199
Let r(t) = 14 + 14 - 8 - 4*t + 10. What are the prime factors of r(-28)?
2, 71
Let i(f) be the second derivative of -5/2*f**2 + 115/3*f**3 - 37*f + 0. List the prime factors of i(1).
3, 5
List the prime factors of (5 - -25)*(512/12 - -9).
2, 5, 31
Let t be 76/(-133) + (-4134)/(-7) + 1. List the prime factors of t + (-8 - -5) + (-2 - -2).
2, 3, 7
Suppose -5810 = -5*a - c, -2058 = -3*a - 5*c + 1428. List the prime factors of a.
2, 7, 83
Suppose 56*h - 55*h = 12. Suppose o + h = -2*o, 0 = -4*m - 5*o - 16. What are the prime factors of 240/28*(m + (-18)/(-3))?
2, 3, 5
Suppose -2*v + 117 = 2*m - 75, -296 = -3*m - 5*v. What are the prime factors of 3072/10 - -2 - m/(-115)?
2, 5, 31
Suppose 5*v + 3*i - 71776 = 2*i, -5*i - 57415 = -4*v. What are the prime factors of v?
3, 5, 11, 29
Let o(y) = -5*y + 4. Let v be o(0). Suppose 3*n = -3, -4*d = v*n + 6254 + 11222. What are the prime factors of (-2)/4*d/21?
2, 13
Let j(x) = 24*x - 9*x**3 + 32*x - 1 - 62*x - 5*x**2. List the prime factors of j(-2).
3, 7
Suppose 0 = 7*c - 6*c - 37. Let g = -35 + c. Suppose -2 + 30 = g*o. What are the prime factors of o?
2, 7
Let q(u) = -72*u + 2. Let o = 8 + -7. Let y be q(o). List the prime factors of (112/y)/((-1)/55).
2, 11
Let z be ((-12520)/12 - 0)/(1/3). List the prime factors of (z/35)/(29/(-7) + 4).
2, 313
Let m = 1897 + 10621. What are the prime factors of m?
2, 11, 569
What are the prime factors of (-1)/3 - (4558252/(-222) - 4/6)?
20533
Suppose 6693015 = 64*x + 41*x. List the prime factors of x.
63743
Let q = -106921 + 153513. What are the prime factors of q?
2, 7, 13
List the prime factors of (-6 + 165/20)*(-5924)/(-3).
3, 1481
Suppose 286 = -5*y - 3*o, 20 = -4*y + 5*o - 194. List the prime factors of (-12)/42 + (-57080)/y.
1019
Let p(t) = 3*t**2 + 112*t + 25. Suppose -4*q + v - 75 - 88 = 0, -4*v = 4*q + 188. What are the prime factors of p(q)?
613
Let k = -45 - -41. Let l be 5 - ((10 - 4) + k). List the prime factors of 306/36 + l*1/2.
2, 5
Suppose -5*u - 5 - 90 = 4*i, 2*u + 4*i = -50. What are the prime factors of (-282)/((-5)/u + -1)?
3, 47
Suppose -4*x - 2552 = -2*v, v + 1272 = -2*x - 0*v. Let h = 1384 + x. What are the prime factors of h?
3, 83
Let p(q) = 4*q**2 + 14*q + 683. What are the prime factors of p(48)?
11, 31
Let c = 510 + -477. Suppose -35*h + 2590 = -c*h. List the prime factors of h.
5, 7, 37
Let s(w) be the third derivative of 13*w**5/60 + 5*w**4/12 + 28*w**3/3 + 7*w**2. List the prime factors of s(-7).
7, 89
List the prime factors of ((-812)/21)/((-52)/5226).
2, 29, 67
Let n(q) = q**2 + 7*q. Let b be n(-7). Suppose -24 - 18 = -4*w + 2*p, 3*p = -3*w + 9. Suppose 992 = w*g - b*g. What are the prime factors of g?
2, 31
Suppose m = -0*m - 3*n - 10, -n - 5 = 0. Suppose c - 14 = 3*j - 73, -c = m*j - 109. What are the prime factors of j?
3, 7
Let t = 105 - 101. Suppose -16 = -5*k + v - t*v, 5*v - 20 = -5*k. Suppose 272 = 3*y - k*y + 4*n, -1 = -n. What are the prime factors of y?
2, 67
Suppose 72 = -6*a + 1914. Let n = 448 + a. What are the prime factors of n?
5, 151
Let o = -4728 + 10725. What are the prime factors of o?
3, 1999
Let a(b) = 11*b**2 + 5*b**2 + 8 + 2*b - 1 - 3*b. Let u be a(-6). List the prime factors of 1/(5/(u + 1)).
2, 59
Suppose -5*k = -12 - 18, -39753 = -3*r + 5*k. List the prime factors of r.
89, 149
Suppose 15*x - 1 = -1. Suppose x = 2*z - 3192 + 232. What are the prime factors of z?
2, 5, 37
Suppose -6*n + 12768 = 20*y - 18*y, 0 = -4*y + n + 25575. List the prime factors of y.
3, 2131
Suppose 4*g - 421 - 303 = 0. Suppose -2*p = -87 - g. What are the prime factors of p?
2, 67
Let o(d) = 35*d**2 - 72*d - 220. What are the prime factors of o(-3)?
311
Let v(t) = 9602*t - 223. What are the prime factors of v(1)?
83, 113
Let u(j) = -39*j**2 - 21*j + 133. Let y(i) = -80*i**2 - 42*i + 265. Let z(h) = 7*u(h) - 4*y(h). What are the prime factors of z(5)?
1151
Let w = 22037 + -11534. List the prime factors of w.
3, 389
Let h = 138 + -84. Suppose -i + h = 19. Suppose -40*d + 335 = -i*d. List the prime factors of d.
67
Let p = 15712 - 7787. What are the prime factors of p?
5, 317
Let t(d) = 6*d - 101. Let f be t(17). Let r(k) = -135*k - 3. Let n(l) = 135*l + 3. Let w(m) = 4*n(m) + 3*r(m). What are the prime factors of w(f)?
2, 3, 23
Let t(l) be the first derivative of -l**4/4 - 16*l**3/3 - 10*l**2 + 53*l - 70. What are the prime factors of t(-16)?
373
Let s(p) = -2177*p - 1528. List the prime factors of s(-3).
5003
Let h(o) = -5*o + 127. Let w be h(25). Suppose -3*d = -5*s - 8*d + 2955, w*s + 4*d = 1188. List the prime factors of s.
2, 3, 7
Let p = 1216 - -1097. What are the prime factors of p?
3, 257
Suppose 5*g - k + 5*k - 488 = 0, 2*g - 185 = -5*k. Suppose -3*m + 4*d = -2552, 748 = m - 4*d - g. List the prime factors of m.
2, 3, 71
Suppose -3*t = 10*t - 65. Suppose t*s - 121 = 84. Suppose -x + 53 = -s. What are the prime factors of x?
2, 47
Let w = 77 - 66. Let c(p) = -5*p. Let u be c(w). List the prime factors of 10/u - (-145)/11.
13
Suppose -c = -2*g - 422, 9*c = 4*g + 4*c + 856. Suppose 0 = -s - 5, -5*f - s = -2973 + 1008. Let q = g + f. What are the prime factors of q?
5, 37
Let i(p) = -14*p**2 - 10*p + 27. Let t(x) = 28*x**2 + 20*x - 53. Let l(d) = 7*i(d) + 4*t(d). What are the prime factors of l(4)?
241
Suppose -q + 5 = -5*a + 1, -3*a = q + 4. Let k be 4/(q*(-1 + -1)) + -22. Let d = -16 - k. List the prime factors of d.
2
Suppose 65 - 59 = 6*g. List the prime factors of (404 - g) + (26 - 25).
2, 101
Let q(z) = 99*z**2 + 10*z +